3. Let o(x) = 2*q(x) - 5*w(x). Calculate o(p).
-3
Let x(m) = -10*m**2 - 65 - 34 - 34 + 138 - 27 + m**3 + 21*m. What is x(9)?
86
Let i(m) be the third derivative of m**6/120 - 7*m**5/15 + m**4/24 - 11*m**3/2 - 350*m**2. Determine i(28).
-5
Let d(m) = -16*m - 9. Let i(h) = -49*h - 26. Let q(n) = 7*d(n) - 2*i(n). Determine q(-12).
157
Let k(r) be the first derivative of -r**2/2 - 7*r - 23184. Let f(t) = -12*t**2. Let s be f(1). Give k(s).
5
Let m(y) = -y**3 + 2 + 5*y - 3*y**2 + 1 + y**2. Let t = -1205 + 1279. Let x be (-342)/87 + t/(-1073). Calculate m(x).
15
Let k(x) be the third derivative of x**5/60 - 7*x**4/24 + x**3/6 + 2*x**2. Let l(m) = -m**2 + 23*m - 124. Let g be l(10). Give k(g).
-5
Let f(l) = -l**2 + 6*l + 10. Let k(m) = -1. Let t(h) = -f(h) - 5*k(h). Suppose 20 = 5*x, 8*s - 2*x = 4*s + 12. Determine t(s).
-10
Let t(d) = 9*d - 18. Let n be t(5). Suppose 7*v - 20 + n = 0. Let c(z) be the second derivative of -5*z**4/4 - z**2/2 - 7*z. Give c(v).
-16
Let f(o) be the third derivative of -o**8/3360 + o**7/1260 + o**5/60 + 127*o**4/24 + o**2 - 134*o. Let i(s) be the second derivative of f(s). Calculate i(2).
-6
Let y(w) = -w**3 - 12*w**2 + 10*w + 26. Suppose -2*d = -4*x + 2, 94*d - 5*x = 91*d - 9. Calculate y(d).
65
Let t(d) be the third derivative of 3*d**4/4 + d**3/6 + 376*d**2 - 4*d. Suppose -2 + 4 = z. Give t(z).
37
Let n = -9 - -13. Let b be (-5 + 15/20)*-4. Suppose -2*w - 2*w = 3*q + b, -n*w = -4*q + 52. Let j(i) = -i**3 - 9*i**2 - 9*i - 4. Calculate j(w).
4
Let v(b) = b**2 + 2*b - 1. Let q(l) = -l**3 - 2*l**2 - 2. Suppose 3*p = -0*p - 24. Let c(g) = -g - 8. Let u be c(p). Let j be q(u). Calculate v(j).
-1
Let l(c) be the second derivative of -c**5/5 - c**4/12 + c - 15. Let g(r) = -3*r**2 + 1. Let u be g(1). Determine l(u).
28
Let q(m) be the third derivative of m**4/8 - 8*m**3/3 - 109*m**2 + 2. Let r(u) = u - 6. Let j(c) = 2*q(c) - 7*r(c). Calculate j(9).
1
Suppose -40 = 4*h + 3*n, -h + 2*n + 24 = -3*h. Let r(t) = -t**2 - 49*t - 175. What is r(h)?
5
Let x(z) = -17*z + 142. Let j(w) = w**2 + 41*w - 384. Let t be j(8). Calculate x(t).
6
Let u(y) be the third derivative of y**4/24 + y**3/2 + 2*y**2. Let m be (-14)/(((-4725)/25)/(-27)). Determine u(m).
1
Let o = -164 - -175. Let h(u) = u**3 + 10*u**2 - 6*u**2 + 13 - 17*u**2 + 2*u**2 - u. Determine h(o).
2
Let n(s) = 3*s + 3. Suppose -7*z - 67 + 81 = 0. Let y be (5/(-10)*4*z)/1. Calculate n(y).
-9
Let k(d) = d**3 + 8*d**2 + 12*d + 36. Let r be k(-7). Suppose -3 = s - r. Let j(p) = -p**3 + 2*p**2 + 4*p + 2. Determine j(s).
10
Let d(i) = 15*i + 76. Let m(w) = -3*w - 5. Let z(o) = d(o) + m(o). Give z(-6).
-1
Let o(h) = 2*h**3 - h**2 + h + 1. Suppose 187*x - 1275 + 219 = 539*x. Determine o(x).
-65
Let d(g) = -21*g - 3. Let m(f) = -f - 2. Let b(k) = 11*k + 13. Let c(a) = -b(a) - 6*m(a). Let l(q) = -9*c(q) + 2*d(q). What is l(-3)?
-6
Let i(v) be the first derivative of v**4/4 - v**3/3 - 2*v**2 - 3294. Determine i(2).
-4
Let k(h) be the third derivative of -7/6*h**3 - 1/15*h**5 + 7*h**2 + 0*h + 13 - 1/120*h**6 - 5/24*h**4. What is k(-3)?
-1
Let y(d) be the first derivative of 5*d**2 + 6*d - 67 + 1/3*d**3. Give y(-9).
-3
Let t = -296 + 298. Let n be t + (5 - (1 - (5 + -7))). Let z(j) = j**2 - 5*j + 8. Determine z(n).
4
Let q(k) = -k**2 + k + 1. Let i(u) = -5*u - 4*u + 380 - 2*u - 379 + 6*u**2. Let h(d) = -i(d) - 5*q(d). Calculate h(5).
-1
Let w(r) = r**3 + 3*r + 7. Let q(j) = 2*j**2 - 106*j + 483. Let b be q(5). What is w(b)?
43
Let f(d) be the third derivative of d**7/2520 - 11*d**6/720 - d**5/10 + 17*d**4/8 - 3*d**2 + 8*d. Let x(c) be the second derivative of f(c). Give x(12).
0
Let v(p) = 4*p**3 + 5*p**2 + 3*p + 14. Suppose -3*u - 29 = 4*t, -37 = 2*t + u - 26. Give v(t).
-4
Let d(f) = -23*f - f**2 - 778 - 23*f + 405 + 420. Give d(1).
0
Let h = 138 - 134. Suppose 4*v - 44 = 5*n, -4 = -n + 2*n + h*v. Let c(r) = r + 19. Give c(n).
11
Let z(n) = -9 + 12412764*n - 12412784*n + 3. Give z(2).
-46
Let n(y) be the third derivative of y**5/60 - y**3 - 8*y**2 + 508. Suppose -4*p - 2*s + 10 = 0, 1 = 5*p - 3*s + 16. Calculate n(p).
-6
Suppose -18*k - 33*k = -23*k - 196. Let c(p) = p**2 - 45*p + 263. Give c(k).
-3
Suppose -8*c = -10*c + 18. Suppose -t - 2*g + c = 0, -4*t - g + 29 = -0*t. Let v(m) = -m**3 - 5*m**2 + 3*m - 3 + 11*m**2 + 3*m. Determine v(t).
-10
Let r(x) = -x**2 + 4*x. Let f(q) = -48*q + 915. Let j be f(19). What is r(j)?
3
Suppose -5*g + 615 = 5*n, 2*g + 611 = 7*g + n. Let j(k) = -12 - g*k - 11*k**2 + 63*k + k**3 + 2 + 70*k. Determine j(10).
0
Let d(r) = -r**3 - 8*r**2 + 22*r + 23. Let w be d(-10). Let f(g) = -72 + 132 - 61 + w*g. Determine f(-3).
-10
Let o(s) = -s - 5. Let t be o(-6). Let m(n) = 0*n + 3*n - 6*n - t. Let r be (-1)/3*(-43)/(473/66). Calculate m(r).
-7
Let q(j) be the first derivative of -j**2/2 + 8*j + 1. Let l(c) = 17*c**2 - 9*c + 6. Let n be l(3). Suppose p = 4*z, 4*p + 127*z - 11 = n*z. Calculate q(p).
4
Let o be ((-24)/32)/(15/(-60)). Let a(y) = y**2 - 5*y + 2. What is a(o)?
-4
Suppose 3*x - 1 = g, -6*g - 5*x = -2*g - 30. Suppose 2*y = g*y - 6. Let s(b) = b**3 - b**2 + 3*b - 2. What is s(y)?
8
Let m(b) = -2*b - 6. Let r = 184 - 188. Let y be 5 - (3 + r + -1). Give m(y).
-20
Let v(d) = 4*d**2 + 2*d + 1 + 0*d**2 - 3*d**2. Suppose 1542*w - 34 = 1576*w. Determine v(w).
0
Suppose 0 = -j - 3*j + 44. Let h(i) = -i**2 - 56 - 3*i**2 + 3*i**2 - j*i + 54. Suppose 3*g - 3*o - 11 + 56 = 0, o + 51 = -5*g. What is h(g)?
-2
Let o(l) be the first derivative of -5*l**2/2 + 3*l + 11. Let s = 96 - 78. Suppose -2*c + s = 7*c. Give o(c).
-7
Let v(h) = -1. Let y(d) = d**2 + 4*d + 9. Let w(z) = -4*v(z) - y(z). Let n(a) = -29*a + 96*a + a**2 - 65*a - 19. Let o be n(3). Give w(o).
-5
Let l(s) = -9*s**2 + s - 1. Suppose -3*z + 5*m + 28 = 10, -3 = m. Suppose k - t - z = 0, -k + 2 = -5*t + 5. Give l(k).
-35
Let r be 7/(-4)*(-84)/49. Let g(f) be the third derivative of -f**r + 12*f**2 + 0*f - 1/24*f**4 + 0. Calculate g(5).
-11
Let h = -1 + 6. Let q(r) = -17*r**2 + 3*r - 15. Let m(t) = -13*t**2 + 3*t - 13. Let s(u) = -4*m(u) + 3*q(u). What is s(h)?
17
Suppose 17*u = 12*u. Suppose u = -6*c + 5*c + 20. Let v(w) = 2*w**2 - 4*w**2 + c - 18. Calculate v(-2).
-6
Let x(d) = -6*d + 2. Suppose -12 = q - 3*j - 26, -3*q + 22 = -4*j. Let i(v) = 26*v - 8. Let l(w) = q*i(w) + 9*x(w). What is l(-4)?
10
Let q(v) = -31*v**2 - v - 29. Let x(y) = 118*y**2 + 4*y + 113. Let f(m) = -19*q(m) - 5*x(m). Let r = 2 + -2. Give f(r).
-14
Let o(f) = -f**3 + 3*f**2 - 7. Suppose 24*c - 63 = -3*c + 18. Give o(c).
-7
Let b = 1 + -5. Let i(f) be the first derivative of -f**5/60 - f**4/6 + f**3/6 + 70*f**2 - 173. Let y(c) be the second derivative of i(c). Give y(b).
1
Let y(v) = 2*v**3 + 27*v**2 + 11*v - 9. Let h be y(-13). Let f(u) = u**2 - 17*u + 3. Determine f(h).
3
Let n(y) be the first derivative of -y**2 + 10*y + 807. Let i = 0 + 4. Suppose i*j - 28 = -3*f, 0*f + 14 = 2*j - 2*f. Calculate n(j).
-4
Let n = 162486 + -162478. Let x(j) = 3*j - 31. Let v(a) = a - 10. Let i(y) = -14*v(y) + 4*x(y). What is i(n)?
0
Suppose 128*o - 64 = 112 - 48. Let c(q) be the first derivative of 13*q**2 - 2*q + 2. Calculate c(o).
24
Suppose 0 = -2*a - 3*j + 38, -52 - 32 = -5*a - 2*j. Suppose 0 = -18*c + 16*c + a. Let s(w) = 2*w - 8. Determine s(c).
8
Let k(d) be the first derivative of -d**3/3 - 3*d**2 - d + 10281. Let u = 13 - 19. What is k(u)?
-1
Let b(i) = -i**3 - 30*i**2 - 29*i + 2. Let j be b(-29). Let c(k) = 2*k - 9*k + 26*k**2 - 13 - 25*k**j. What is c(10)?
17
Let f(b) = -192*b + 1912. Let c be f(10). Let z(w) = 2*w**2 + 7*w + 16. Give z(c).
88
Let r(t) = -t**3 - 8*t**2 + 19*t + 9. Let x(m) = 8*m + 150. Let v be x(-20). Give r(v).
19
Let y be -10 + (3 + (-21)/5)*100/(-40). Let u(z) = z**3 + 8*z**2 + 6*z + 6. Calculate u(y).
13
Let t(z) = -z**2 - z - 9. Let h(v) = -3*v**2 - 2*v - 19. Let o(d) = 2*h(d) - 5*t(d). Suppose -6*w - 5*w + 794 - 739 = 0. Give o(w).
-13
Let s(a) be the first derivative of 19*a**2 + 2258. What is s(2)?
76
Let t be 0 - 3/(6/(-8)). Let s(w) = -w + 1. Let l(o) = 3*o - 7. Let v(g) = l(g) + 4*s(g). Let x(z) = 1. Let i(b) = -v(b) - 3*x(b). Determine i(t).
4
Suppose -134*x + 42 = -140*x. Let f(y) be the first derivative of y**4/4 + 8*y**3/3 + 4*y**2 + 12*y - 48. Determine f(x).
5
Let d(x) = x**3 + x**2 + 2*x + 12. Let s = -41430